{"id":3,"date":"2020-11-17T12:39:19","date_gmt":"2020-11-17T12:39:19","guid":{"rendered":"https:\/\/www.europascuola.eu\/?page_id=3"},"modified":"2022-01-13T11:19:37","modified_gmt":"2022-01-13T11:19:37","slug":"privacy-policy","status":"publish","type":"page","link":"https:\/\/www.europascuola.eu\/?page_id=3","title":{"rendered":"Privacy Policy"},"content":{"rendered":"\n<p class=\"wp-block-paragraph\"><strong>Informativa Privacy ai sensi del Regolamento Europeo per la protezione dei dati personali n.679\/2016, (GDPR) e successive modifiche.<\/strong><\/p>\n\n\n\n<p class=\"wp-block-paragraph\">Gentile Utente, la riservatezza, la protezione e la sicurezza dei dati trattati rivestono particolare rilevanza, per questo l\u2019Associazione Europascuola riserva la massima attenzione alla protezione dei Suoi dati personali.<\/p>\n\n\n\n<p class=\"wp-block-paragraph\">La presente privacy policy si applica anche alle eventuali attivit\u00e0 online del presente sito ed \u00e8 valida per i visitatori\/utenti del sito. Lo scopo dell\u2019informativa privacy \u00e8 di fornire la massima trasparenza relativamente alle informazioni che si raccolgono e come si usano.<\/p>\n\n\n\n<p class=\"wp-block-paragraph\">Europascuola \u00e8 tenuta ad informare l\u2019interessata\/o, cui i dati personali si riferiscono, su quali sono i dati che vengono trattati e su taluni elementi qualificanti il trattamento, che deve sempre avvenire con correttezza, liceit\u00e0 e trasparenza, tutelando la riservatezza e i diritti dell\u2019interessato medesimo. Gli utenti del sito web e coloro che sono interessati ad associarsi dovranno leggere attentamente la presente Privacy Policy prima di comunicare qualsiasi tipo di informazione\/dato personale e\/o compilare qualunque modulo.<\/p>\n\n\n\n<p class=\"wp-block-paragraph\"><strong>TITOLARE DEL TRATTAMENTO<\/strong><\/p>\n\n\n\n<p class=\"wp-block-paragraph\">Il Titolare del trattamento dei dati personali \u00e8 l\u2019Associazione Europascuola con sede in viale Angelico 38 a Roma, nella persona del rappresentante legale, e-mail: segreteria@europascuola.eu<\/p>\n\n\n\n<p class=\"wp-block-paragraph\"><strong>BASE GIURIDICA DEL TRATTAMENTO<\/strong><\/p>\n\n\n\n<p class=\"wp-block-paragraph\">La presente Informativa viene resa ai sensi e per gli effetti dell\u2019art. 13 GDPR. Europascuola tratta i dati in base all\u2019adempimento di obblighi di legge e al Suo consenso.<\/p>\n\n\n\n<p class=\"wp-block-paragraph\"><strong>LUOGO DI TRATTAMENTO DEI DATI<\/strong><strong><\/strong><\/p>\n\n\n\n<p class=\"wp-block-paragraph\">I dati verranno trattati dal titolare del trattamento presso la propria sede legale.<\/p>\n\n\n\n<p class=\"wp-block-paragraph\"><strong>TIPI DI DATI TRATTATI DAL SITO<\/strong><\/p>\n\n\n\n<p class=\"wp-block-paragraph\"><em>Dati di navigazione<\/em><\/p>\n\n\n\n<p class=\"wp-block-paragraph\">I sistemi informatici e le procedure software preposte al funzionamento di questo sito acquisiscono, nel normale esercizio, alcuni dati personali che vengono poi trasmessi implicitamente nell\u2019uso dei protocolli di comunicazione Internet. Tali informazioni per loro natura potrebbero, mediante associazioni ed elaborazioni con dati detenuti da terzi, permettere di identificare gli utenti\/visitatori (ad es. indirizzo IP, nomi di dominio dei computer utilizzati dagli utenti\/visitatori che si collegano al sito). Questi dati vengono utilizzati solo per informazioni di tipo statistico (e, sono, quindi, anonimi) nonch\u00e9 per controllare il corretto funzionamento del sito. Nessun dato derivante dal servizio web verr\u00e0 comunicato o diffuso.<\/p>\n\n\n\n<p class=\"wp-block-paragraph\"><em>Dati forniti volontariamente dagli utenti\/visitatori<\/em><\/p>\n\n\n\n<p class=\"wp-block-paragraph\"><em>Dati personali: <\/em>Salvo quanto specificato per i dati di navigazione, gli utenti\/visitatori sono liberi di fornire i propri dati personali incluso il proprio curriculum vitae al fine di proporre una candidatura spontanea. Il mancato conferimento di questi dati comporter\u00e0 unicamente l\u2019impossibilit\u00e0 da parte del titolare del trattamento di evadere le richieste di informazioni e documentazione e di fornire il servizio eventualmente connesso alla fornitura dei dati.<\/p>\n\n\n\n<p class=\"wp-block-paragraph\"><em>Dati di accesso al sito:<\/em> Nel caso in cui per l\u2019accesso a sezioni riservate del sito venga richiesto all\u2019utente di scegliere uno \u2018username\u2019 e\/o una \u2018password\u2019, sar\u00e0 responsabilit\u00e0 dell\u2019utente mantenere tali dati riservati e comunicare immediatamente al titolare del trattamento il loro utilizzo da parte di persone non autorizzate.<\/p>\n\n\n\n<p class=\"wp-block-paragraph\"><em>Dati sensibili:<\/em> Nel caso in cui l\u2019utente\/navigatore fornisca volontariamente, tramite contributi personali pubblicati nel sito (post), oppure all\u2019interno del proprio curriculum vitae dati considerati sensibili riguardanti lo stesso utente (relativi, in particolare, allo stato di salute, convinzioni religiose, opinioni politiche e adesioni sindacali) IL SITO dichiara che in nessun caso e per nessun motivo far\u00e0 uso di tali dati.<\/p>\n\n\n\n<p class=\"wp-block-paragraph\"><em>Cookies: <\/em>Il sito utilizza i cookies (file di testo che vengono depositati sul computer dell\u2019utente e ad ogni visita successiva sono rinviati al sito web che li ha originati (cookie di prime parti) o a un altro sito che li riconosce (cookie di terze parti). I cookie sono utili perch\u00e9 consentono a un sito web di riconoscere il dispositivo dell\u2019Utente). Essi hanno diverse finalit\u00e0 come, per esempio, consentire di navigare efficientemente tra le pagine, ricordare i siti preferiti e, in generale, migliorare l\u2019esperienza di navigazione.<\/p>\n\n\n\n<p class=\"wp-block-paragraph\">In base alla funzione e alla finalit\u00e0 di utilizzo, i cookie possono suddividersi in cookie tecnici, cookie di profilazione, cookie di terze parti.<\/p>\n\n\n\n<p class=\"wp-block-paragraph\"><strong>FINALITA\u2019 DEL TRATTAMENTO<\/strong><\/p>\n\n\n\n<p class=\"wp-block-paragraph\">Il trattamento dei dati \u00e8 effettuato al solo fine di ricontattarLa per riscontrare la Sua richiesta adesione alla newsletter, o per informazioni inerenti all\u2019attivit\u00e0 associativa. &nbsp;<\/p>\n\n\n\n<p class=\"wp-block-paragraph\">Il trattamento dei dati sar\u00e0 effettuato per le finalit\u00e0 sopra indicate, nel rispetto delle norme privacy in vigore e dunque improntato ai principi di correttezza, liceit\u00e0 e trasparenza e svolto nell\u2019osservanza dei principi di pertinenza, completezza e non eccedenza e potr\u00e0 essere effettuato con o senza l\u2019ausilio di mezzi elettronici, informatici e telematici. Il trattamento potr\u00e0 consistere nelle seguenti operazioni: raccolta, registrazione, organizzazione e conservazione, consultazione e utilizzo, elaborazione, modificazione, selezione, estrazione, raffronto, interconnessione, trasmissione e comunicazione, cancellazione e distruzione, blocco e limitazione.&nbsp;<\/p>\n\n\n\n<p class=\"wp-block-paragraph\">Il trattamento sar\u00e0 svolto dal Titolare, dai Responsabili del trattamento nominati e\/o da soggetti specificamente autorizzati ed istruiti dal Titolare per il corretto trattamento dei dati.<\/p>\n\n\n\n<p class=\"wp-block-paragraph\"><strong>MODALITA\u2019 DI TRATTAMENTO<\/strong><\/p>\n\n\n\n<p class=\"wp-block-paragraph\">Il trattamento dei Suoi dati personali \u00e8 realizzato per mezzo delle operazioni indicate all\u2019art. 4 GDPR, e precisamente: raccolta, registrazione, organizzazione, strutturazione, conservazione, adattamento o modifica, estrazione, consultazione, uso, comunicazione mediante trasmissione, diffusione o qualsiasi altra forma di messa a disposizione, raffronto o interconnessione, limitazione, cancellazione e distruzione dei dati.&nbsp;<\/p>\n\n\n\n<p class=\"wp-block-paragraph\">I Suoi dati personali sono sottoposti a trattamento sia cartaceo che elettronico e\/o automatizzato.&nbsp;<\/p>\n\n\n\n<p class=\"wp-block-paragraph\">Il trattamento dei Suoi dati personali sar\u00e0 svolto in forma manuale e\/o automatizzata e comunque realizzato per mezzo delle operazioni indicate all\u2019art. 4 GDPR.<\/p>\n\n\n\n<p class=\"wp-block-paragraph\"><strong>TEMPO DEL TRATTAMENTO E CONSERVAZIONE<\/strong><\/p>\n\n\n\n<p class=\"wp-block-paragraph\">I dati ricevuti verranno utilizzati esclusivamente per le finalit\u00e0 di cui sopra e fino all\u2019eventuale revoca del consenso. I dati saranno conservati per il tempo indicato dalla legge.<\/p>\n\n\n\n<p class=\"wp-block-paragraph\"><strong>CONSENSO<\/strong><\/p>\n\n\n\n<p class=\"wp-block-paragraph\">Nel momento in cui ci fornisce le informazioni personali, esprime il consenso al loro utilizzo solo ai fini di essere ricontattato per riscontrare la Sua richiesta.<\/p>\n\n\n\n<p class=\"wp-block-paragraph\">Se, dopo aver prestato il consenso, cambia la Sua opinione, potr\u00e0 ritirare il consenso in ogni momento contattando il Titolare del Trattamento a: segreteria@europascuola.eu, rimanendo comunque valida e lecita l\u2019attivit\u00e0 di trattamento svolta in precedenza.<\/p>\n\n\n\n<p class=\"wp-block-paragraph\"><strong>COMUNICAZIONI<\/strong><\/p>\n\n\n\n<p class=\"wp-block-paragraph\">Possiamo comunicare le Sue informazioni personali se ci \u00e8 richiesto dalla legge o se si violano i nostri termini di servizio, a soggetti incaricati e istruiti dal Titolare, a Responsabili esterni espressamente designati che operano per conto del Titolare.<\/p>\n\n\n\n<p class=\"wp-block-paragraph\">I dati potranno essere trattati da collaboratori autorizzati dal Titolare, dall\u2019amministratore di sistema, dal tecnico informatico, dal provider di posta elettronica.<\/p>\n\n\n\n<p class=\"wp-block-paragraph\"><strong>Diffusione e trasferimento dei dati<\/strong><\/p>\n\n\n\n<p class=\"wp-block-paragraph\">I dati non sono soggetti a diffusione.<\/p>\n\n\n\n<p class=\"wp-block-paragraph\">\u00c8 comunque esclusa la diffusione e il trasferimento dei dati al di fuori dello spazio dell\u2019Unione Europea.<\/p>\n\n\n\n<p class=\"wp-block-paragraph\"><strong>DIRITTI DELL\u2019UTENTE<\/strong><\/p>\n\n\n\n<p class=\"wp-block-paragraph\">Il Regolamento conferisce all\u2019interessato l\u2019esercizio di specifici diritti che Lei potr\u00e0 esercitare nei confronti del Titolare: diritto di chiedere l\u2019accesso ai propri dati personali (art. 15); diritto di rettifica (art. 16); diritto di cancellazione dei dati personali (art. 17); diritto alla limitazione del trattamento dei dati personali (art. 18); diritto alla portabilit\u00e0 dei dati (art. 20; diritto all\u2019opposizione al trattamento dei dati personali (art. 21); diritto di revocare il consenso fornito al trattamento dei propri dati personali, per una o pi\u00f9 finalit\u00e0 specifiche, in qualsiasi momento, senza pregiudicare la liceit\u00e0 del trattamento basata sul consenso prestato prima della revoca; diritto di proporre reclamo all\u2019Autorit\u00e0 del Controllo (art. 77).<\/p>\n\n\n\n<p class=\"wp-block-paragraph\">Le Sue richieste potranno essere inviate al Titolare del trattamento via e-mail: segreteria@europascuola.eu<\/p>\n\n\n\n<p class=\"wp-block-paragraph\"><strong>MODIFICHE A QUESTA POLITICA DI PRIVACY<\/strong><\/p>\n\n\n\n<p class=\"wp-block-paragraph\">Ci riserviamo il diritto di modificare la nostra privacy policy in qualsiasi momento. Le modifiche e le precisazioni avranno effetto immediatamente dopo la loro pubblicazione sul sito web. Se apporteremo modifiche materiali a questa informativa La informeremo qui nel sito web che \u00e8 stata aggiornata.<\/p>\n","protected":false},"excerpt":{"rendered":"<p>Informativa Privacy ai sensi del Regolamento Europeo per la protezione dei dati personali n.679\/2016, (GDPR) e successive modifiche. Gentile Utente, &hellip; <\/p>\n","protected":false},"author":5,"featured_media":0,"parent":216,"menu_order":0,"comment_status":"closed","ping_status":"open","template":"","meta":{"footnotes":""},"class_list":["post-3","page","type-page","status-publish","hentry"],"_links":{"self":[{"href":"https:\/\/www.europascuola.eu\/index.php?rest_route=\/wp\/v2\/pages\/3","targetHints":{"allow":["GET"]}}],"collection":[{"href":"https:\/\/www.europascuola.eu\/index.php?rest_route=\/wp\/v2\/pages"}],"about":[{"href":"https:\/\/www.europascuola.eu\/index.php?rest_route=\/wp\/v2\/types\/page"}],"author":[{"embeddable":true,"href":"https:\/\/www.europascuola.eu\/index.php?rest_route=\/wp\/v2\/users\/5"}],"replies":[{"embeddable":true,"href":"https:\/\/www.europascuola.eu\/index.php?rest_route=%2Fwp%2Fv2%2Fcomments&post=3"}],"version-history":[{"count":2,"href":"https:\/\/www.europascuola.eu\/index.php?rest_route=\/wp\/v2\/pages\/3\/revisions"}],"predecessor-version":[{"id":1717,"href":"https:\/\/www.europascuola.eu\/index.php?rest_route=\/wp\/v2\/pages\/3\/revisions\/1717"}],"up":[{"embeddable":true,"href":"https:\/\/www.europascuola.eu\/index.php?rest_route=\/wp\/v2\/pages\/216"}],"wp:attachment":[{"href":"https:\/\/www.europascuola.eu\/index.php?rest_route=%2Fwp%2Fv2%2Fmedia&parent=3"}],"curies":[{"name":"wp","href":"https:\/\/api.w.org\/{rel}","templated":true}]}}

<p class="wp-block-paragraph"><strong>Informativa Privacy ai sensi del Regolamento Europeo per la protezione dei dati personali n.679/2016, (GDPR) e successive modifiche.</strong></p>



<p class="wp-block-paragraph">Gentile Utente, la riservatezza, la protezione e la sicurezza dei dati trattati rivestono particolare rilevanza, per questo l’Associazione Europascuola riserva la massima attenzione alla protezione dei Suoi dati personali.</p>



<p class="wp-block-paragraph">La presente privacy policy si applica anche alle eventuali attività online del presente sito ed è valida per i visitatori/utenti del sito. Lo scopo dell’informativa privacy è di fornire la massima trasparenza relativamente alle informazioni che si raccolgono e come si usano.</p>



<p class="wp-block-paragraph">Europascuola è tenuta ad informare l’interessata/o, cui i dati personali si riferiscono, su quali sono i dati che vengono trattati e su taluni elementi qualificanti il trattamento, che deve sempre avvenire con correttezza, liceità e trasparenza, tutelando la riservatezza e i diritti dell’interessato medesimo. Gli utenti del sito web e coloro che sono interessati ad associarsi dovranno leggere attentamente la presente Privacy Policy prima di comunicare qualsiasi tipo di informazione/dato personale e/o compilare qualunque modulo.</p>



<p class="wp-block-paragraph"><strong>TITOLARE DEL TRATTAMENTO</strong></p>



<p class="wp-block-paragraph">Il Titolare del trattamento dei dati personali è l’Associazione Europascuola con sede in viale Angelico 38 a Roma, nella persona del rappresentante legale, e-mail: segreteria@europascuola.eu</p>



<p class="wp-block-paragraph"><strong>BASE GIURIDICA DEL TRATTAMENTO</strong></p>



<p class="wp-block-paragraph">La presente Informativa viene resa ai sensi e per gli effetti dell’art. 13 GDPR. Europascuola tratta i dati in base all’adempimento di obblighi di legge e al Suo consenso.</p>



<p class="wp-block-paragraph"><strong>LUOGO DI TRATTAMENTO DEI DATI</strong><strong></strong></p>



<p class="wp-block-paragraph">I dati verranno trattati dal titolare del trattamento presso la propria sede legale.</p>



<p class="wp-block-paragraph"><strong>TIPI DI DATI TRATTATI DAL SITO</strong></p>



<p class="wp-block-paragraph"><em>Dati di navigazione</em></p>



<p class="wp-block-paragraph">I sistemi informatici e le procedure software preposte al funzionamento di questo sito acquisiscono, nel normale esercizio, alcuni dati personali che vengono poi trasmessi implicitamente nell’uso dei protocolli di comunicazione Internet. Tali informazioni per loro natura potrebbero, mediante associazioni ed elaborazioni con dati detenuti da terzi, permettere di identificare gli utenti/visitatori (ad es. indirizzo IP, nomi di dominio dei computer utilizzati dagli utenti/visitatori che si collegano al sito). Questi dati vengono utilizzati solo per informazioni di tipo statistico (e, sono, quindi, anonimi) nonché per controllare il corretto funzionamento del sito. Nessun dato derivante dal servizio web verrà comunicato o diffuso.</p>



<p class="wp-block-paragraph"><em>Dati forniti volontariamente dagli utenti/visitatori</em></p>



<p class="wp-block-paragraph"><em>Dati personali: </em>Salvo quanto specificato per i dati di navigazione, gli utenti/visitatori sono liberi di fornire i propri dati personali incluso il proprio curriculum vitae al fine di proporre una candidatura spontanea. Il mancato conferimento di questi dati comporterà unicamente l’impossibilità da parte del titolare del trattamento di evadere le richieste di informazioni e documentazione e di fornire il servizio eventualmente connesso alla fornitura dei dati.</p>



<p class="wp-block-paragraph"><em>Dati di accesso al sito:</em> Nel caso in cui per l’accesso a sezioni riservate del sito venga richiesto all’utente di scegliere uno ‘username’ e/o una ‘password’, sarà responsabilità dell’utente mantenere tali dati riservati e comunicare immediatamente al titolare del trattamento il loro utilizzo da parte di persone non autorizzate.</p>



<p class="wp-block-paragraph"><em>Dati sensibili:</em> Nel caso in cui l’utente/navigatore fornisca volontariamente, tramite contributi personali pubblicati nel sito (post), oppure all’interno del proprio curriculum vitae dati considerati sensibili riguardanti lo stesso utente (relativi, in particolare, allo stato di salute, convinzioni religiose, opinioni politiche e adesioni sindacali) IL SITO dichiara che in nessun caso e per nessun motivo farà uso di tali dati.</p>



<p class="wp-block-paragraph"><em>Cookies: </em>Il sito utilizza i cookies (file di testo che vengono depositati sul computer dell’utente e ad ogni visita successiva sono rinviati al sito web che li ha originati (cookie di prime parti) o a un altro sito che li riconosce (cookie di terze parti). I cookie sono utili perché consentono a un sito web di riconoscere il dispositivo dell’Utente). Essi hanno diverse finalità come, per esempio, consentire di navigare efficientemente tra le pagine, ricordare i siti preferiti e, in generale, migliorare l’esperienza di navigazione.</p>



<p class="wp-block-paragraph">In base alla funzione e alla finalità di utilizzo, i cookie possono suddividersi in cookie tecnici, cookie di profilazione, cookie di terze parti.</p>



<p class="wp-block-paragraph"><strong>FINALITA’ DEL TRATTAMENTO</strong></p>



<p class="wp-block-paragraph">Il trattamento dei dati è effettuato al solo fine di ricontattarLa per riscontrare la Sua richiesta adesione alla newsletter, o per informazioni inerenti all’attività associativa. &nbsp;</p>



<p class="wp-block-paragraph">Il trattamento dei dati sarà effettuato per le finalità sopra indicate, nel rispetto delle norme privacy in vigore e dunque improntato ai principi di correttezza, liceità e trasparenza e svolto nell’osservanza dei principi di pertinenza, completezza e non eccedenza e potrà essere effettuato con o senza l’ausilio di mezzi elettronici, informatici e telematici. Il trattamento potrà consistere nelle seguenti operazioni: raccolta, registrazione, organizzazione e conservazione, consultazione e utilizzo, elaborazione, modificazione, selezione, estrazione, raffronto, interconnessione, trasmissione e comunicazione, cancellazione e distruzione, blocco e limitazione.&nbsp;</p>



<p class="wp-block-paragraph">Il trattamento sarà svolto dal Titolare, dai Responsabili del trattamento nominati e/o da soggetti specificamente autorizzati ed istruiti dal Titolare per il corretto trattamento dei dati.</p>



<p class="wp-block-paragraph"><strong>MODALITA’ DI TRATTAMENTO</strong></p>



<p class="wp-block-paragraph">Il trattamento dei Suoi dati personali è realizzato per mezzo delle operazioni indicate all’art. 4 GDPR, e precisamente: raccolta, registrazione, organizzazione, strutturazione, conservazione, adattamento o modifica, estrazione, consultazione, uso, comunicazione mediante trasmissione, diffusione o qualsiasi altra forma di messa a disposizione, raffronto o interconnessione, limitazione, cancellazione e distruzione dei dati.&nbsp;</p>



<p class="wp-block-paragraph">I Suoi dati personali sono sottoposti a trattamento sia cartaceo che elettronico e/o automatizzato.&nbsp;</p>



<p class="wp-block-paragraph">Il trattamento dei Suoi dati personali sarà svolto in forma manuale e/o automatizzata e comunque realizzato per mezzo delle operazioni indicate all’art. 4 GDPR.</p>



<p class="wp-block-paragraph"><strong>TEMPO DEL TRATTAMENTO E CONSERVAZIONE</strong></p>



<p class="wp-block-paragraph">I dati ricevuti verranno utilizzati esclusivamente per le finalità di cui sopra e fino all’eventuale revoca del consenso. I dati saranno conservati per il tempo indicato dalla legge.</p>



<p class="wp-block-paragraph"><strong>CONSENSO</strong></p>



<p class="wp-block-paragraph">Nel momento in cui ci fornisce le informazioni personali, esprime il consenso al loro utilizzo solo ai fini di essere ricontattato per riscontrare la Sua richiesta.</p>



<p class="wp-block-paragraph">Se, dopo aver prestato il consenso, cambia la Sua opinione, potrà ritirare il consenso in ogni momento contattando il Titolare del Trattamento a: segreteria@europascuola.eu, rimanendo comunque valida e lecita l’attività di trattamento svolta in precedenza.</p>



<p class="wp-block-paragraph"><strong>COMUNICAZIONI</strong></p>



<p class="wp-block-paragraph">Possiamo comunicare le Sue informazioni personali se ci è richiesto dalla legge o se si violano i nostri termini di servizio, a soggetti incaricati e istruiti dal Titolare, a Responsabili esterni espressamente designati che operano per conto del Titolare.</p>



<p class="wp-block-paragraph">I dati potranno essere trattati da collaboratori autorizzati dal Titolare, dall’amministratore di sistema, dal tecnico informatico, dal provider di posta elettronica.</p>



<p class="wp-block-paragraph"><strong>Diffusione e trasferimento dei dati</strong></p>



<p class="wp-block-paragraph">I dati non sono soggetti a diffusione.</p>



<p class="wp-block-paragraph">È comunque esclusa la diffusione e il trasferimento dei dati al di fuori dello spazio dell’Unione Europea.</p>



<p class="wp-block-paragraph"><strong>DIRITTI DELL’UTENTE</strong></p>



<p class="wp-block-paragraph">Il Regolamento conferisce all’interessato l’esercizio di specifici diritti che Lei potrà esercitare nei confronti del Titolare: diritto di chiedere l’accesso ai propri dati personali (art. 15); diritto di rettifica (art. 16); diritto di cancellazione dei dati personali (art. 17); diritto alla limitazione del trattamento dei dati personali (art. 18); diritto alla portabilità dei dati (art. 20; diritto all’opposizione al trattamento dei dati personali (art. 21); diritto di revocare il consenso fornito al trattamento dei propri dati personali, per una o più finalità specifiche, in qualsiasi momento, senza pregiudicare la liceità del trattamento basata sul consenso prestato prima della revoca; diritto di proporre reclamo all’Autorità del Controllo (art. 77).</p>



<p class="wp-block-paragraph">Le Sue richieste potranno essere inviate al Titolare del trattamento via e-mail: segreteria@europascuola.eu</p>



<p class="wp-block-paragraph"><strong>MODIFICHE A QUESTA POLITICA DI PRIVACY</strong></p>



<p class="wp-block-paragraph">Ci riserviamo il diritto di modificare la nostra privacy policy in qualsiasi momento. Le modifiche e le precisazioni avranno effetto immediatamente dopo la loro pubblicazione sul sito web. Se apporteremo modifiche materiali a questa informativa La informeremo qui nel sito web che è stata aggiornata.</p>
